2 + 3*h + 12. Calculate a(8).
-28
Let t(q) = -4*q + 71. Calculate t(18).
-1
Let v(o) = -3*o**3 - 2*o**2 + 2*o + 4. What is v(-2)?
16
Let o(q) = 4*q**3 - 3*q**2 + 3*q - 3. Give o(2).
23
Let t(k) = -4*k**3 - 2*k**2 - 2*k + 2. Calculate t(-2).
30
Let g(q) = -q**2 + 54*q + 298. What is g(59)?
3
Let q(h) = -h**3 - 4*h**2 - 4*h - 21. Determine q(-5).
24
Let p(s) = s**3 + 14*s**2 + s + 7. Calculate p(-14).
-7
Let f(s) = 4*s - 15. Calculate f(7).
13
Let n(i) = -19*i - 285. What is n(-15)?
0
Let j(y) = -y**3 - 16*y**2 + 16*y - 11. Determine j(-17).
6
Let d(z) = -4*z - 57. Determine d(-14).
-1
Let u(w) = -20*w**2 + 1. Give u(1).
-19
Let u(m) = -25*m - 163. Determine u(-6).
-13
Let r(w) = -w**3 + w**2 + w - 8. What is r(0)?
-8
Let n(c) = 3*c + 16. Determine n(-4).
4
Let o(a) = -4*a + 24. Determine o(12).
-24
Let t(y) = y. What is t(-5)?
-5
Let n(g) = -2*g**2 - 45*g - 87. Give n(-20).
13
Let s(r) = r**3 - 11*r**2 + 2*r - 6. Give s(11).
16
Let z(p) = -p - 12. Calculate z(13).
-25
Let f(v) = -11*v - 88. Calculate f(-8).
0
Let r(q) = q**3 + 9*q**2 + 3*q + 5. Calculate r(-9).
-22
Let o(r) = 12*r**2 - 2*r - 1. What is o(-1)?
13
Let t(q) = -q**2 - 43*q - 127. What is t(-40)?
-7
Let y(m) = 33*m - 8. Give y(-3).
-107
Let k(w) = w**2 + 53*w - 44. Calculate k(-54).
10
Let u(b) = -2*b**2 - 6*b - 3. Calculate u(-4).
-11
Let l(q) = -19*q - 14. What is l(-2)?
24
Let i(l) = l**2 + 3*l + 3. Determine i(-2).
1
Let t(z) = z**2 - 25*z + 1. Calculate t(25).
1
Let d(u) = -u**3 + 11*u**2 + 60*u + 7. Give d(15).
7
Let g(b) = -2*b**3 - b**2 + 3*b + 22. Determine g(-3).
58
Let d(v) = v**3 - 2*v**2 + 10*v - 10. Calculate d(2).
10
Let m(s) = 4*s**2 - 4*s + 1. Calculate m(1).
1
Let l(m) = -21*m + 1. Calculate l(1).
-20
Let g(b) = -b**2 - 14*b + 30. What is g(-15)?
15
Let k(h) = -h**3 - 11*h**2 + 2*h + 16. Determine k(-11).
-6
Let z(i) = -i**2 + 3. What is z(-3)?
-6
Let q(d) = -d**3 + 5*d**2 + 3*d + 6. What is q(5)?
21
Let b(p) = p**2 + 9*p - 166. Calculate b(9).
-4
Let i(j) = 4*j - 13. Calculate i(-6).
-37
Let o(x) = 5*x - 32. Determine o(0).
-32
Let v(n) = n**2 - 58*n + 840. Determine v(27).
3
Let j(k) = -k - 11. Calculate j(-9).
-2
Let a(d) = -4*d**2 - 4*d - 3. Determine a(-2).
-11
Let v(n) = 29*n + 69. Calculate v(-3).
-18
Let w(k) = k**3 + 9*k**2 - 2*k - 10. Give w(-8).
70
Let d(s) = s**2 - 9*s + 21. Determine d(10).
31
Let f(d) = -d**2 - 14*d + 112. What is f(6)?
-8
Let w(z) = -16*z + 264. Calculate w(16).
8
Let t(i) = i**2 - 6*i + 17. What is t(2)?
9
Let t(p) = -p**3 + 14*p**2 - 8*p - 49. Give t(13).
16
Let o(t) = 64*t + 2041. Calculate o(-32).
-7
Let k(n) = -n**2 - 68*n - 1129. Determine k(-29).
2
Let f(j) = -j**3 - 2*j**2 - 3*j + 3. What is f(-3)?
21
Let l(z) = -z - 1. Calculate l(3).
-4
Let g(o) = -o**3 - o**2 + 8*o - 8. Determine g(2).
-4
Let x(a) = -2*a + 4. What is x(7)?
-10
Let n(y) = 2*y**2. Determine n(1).
2
Let b(h) = -h**2 + 30*h - 173. What is b(22)?
3
Let p(l) = l**2 - 10*l + 26. Give p(6).
2
Let g(l) = 20*l**2 - 6*l + 18. Determine g(3).
180
Let f(s) = -3*s - 7. Calculate f(-1).
-4
Let g(a) = -21*a - 70. What is g(-3)?
-7
Let p(s) = -s**3 - 7*s**2 + 8*s + 10. Determine p(-8).
10
Let l(p) = 3*p**3 + 52*p**2 - 34*p + 37. Determine l(-18).
1
Let x(q) = 3*q. What is x(0)?
0
Let q(c) = c**2 + 22*c + 19. Determine q(-14).
-93
Let f(t) = -11*t - 60. Determine f(-5).
-5
Let a(b) = -2*b + 42. Determine a(14).
14
Let a(t) = -12*t + 7. Give a(0).
7
Let u(n) = n - 36. Give u(0).
-36
Let n(i) = 5*i - 22. Give n(5).
3
Let u(p) = 5*p - 36. Determine u(7).
-1
Let v(z) = 10*z**2 - 7*z - 5. What is v(-1)?
12
Let g(h) = 14*h**2 + 2*h - 1. Give g(1).
15
Let h(k) = 3*k + 9. Calculate h(-5).
-6
Let p(d) = 2*d**2 + 81*d - 502. Calculate p(-46).
4
Let s(w) = -w**3 + 15*w**2 - 6*w + 18. Determine s(14).
130
Let q(x) = -x**3 - x**2 + x + 20. Calculate q(0).
20
Let l(m) = -2*m**2 - 25*m - 10. Determine l(-12).
2
Let m(r) = -r**3 - 9*r**2 + 12*r + 5. Determine m(-10).
-15
Let p(f) = -f**3 - 2*f**2 - f + 1. Determine p(-2).
3
Let f(u) = -u**2 - 8*u - 6. What is f(-8)?
-6
Let f(r) = r**3 - 11*r**2 - r + 12. Calculate f(11).
1
Let o(g) = g**3 + 9*g**2 + 4*g + 37. What is o(-9)?
1
Let a(q) = -q**2 - 8*q - 20. Give a(-9).
-29
Let a(m) = -m - 16. Calculate a(4).
-20
Let o(n) = -5*n + 2. Give o(1).
-3
Let v(l) = -3*l - 16. What is v(-9)?
11
Let o(a) = 4*a + 4. What is o(-2)?
-4
Let n(p) = -2*p**3 - 61*p**2 + 27*p - 123. What is n(-31)?
1
Let u(p) = 12*p**2 - 11*p - 10. Calculate u(-1).
13
Let v(c) = 2*c**2 - 8*c + 13. Give v(4).
13
Let l(j) = -4*j + 4. Give l(3).
-8
Let i(z) = 4*z**2 + 2*z + 3. What is i(-2)?
15
Let l(d) = d**3 + 16*d**2 - 37*d - 13. What is l(-18)?
5
Let n(r) = r**2 + 15*r - 2. Give n(-15).
-2
Let i(d) = 14*d + 111. Give i(-13).
-71
Let u(o) = -o**2 - 24*o - 81. Determine u(-4).
-1
Let a(s) = s**3 - s**2 + 4*s - 4. What is a(2)?
8
Let d(f) = -f**2 - 12*f - 33. What is d(-13)?
-46
Let w(h) = -h**3 - 12*h**2 - 10*h - 7. Give w(-11).
-18
Let p(b) = b**3 - 6*b**2 + 2*b - 4. Determine p(6).
8
Let v(f) = 5*f - 165. Calculate v(21).
-60
Let o(r) = r**2 - r + 2. Calculate o(5).
22
Let u(i) = i**2 - 9*i - 8. What is u(5)?
-28
Let v(w) = w**2 + 7*w + 8. Give v(-7).
8
Let b(d) = 3*d - 31. Give b(11).
2
Let z(t) = t**3 - 27*t**2 + 28*t - 62. Calculate z(26).
-10
Let d(g) = g**2 - 23*g - 100. Determine d(-4).
8
Let q(x) = x**2 - x + 1. Determine q(-3).
13
Let t(u) = u**3 + 30*u**2 + 31*u + 51. Calculate t(-29).
-7
Let h(y) = -9*y - 3. What is h(-4)?
33
Let m(b) = b**2 + 23*b + 115. Give m(-7).
3
Let i(g) = 5*g - 64. Calculate i(20).
36
Let w(u) = -u**2 - 2*u - 2. Give w(5).
-37
Let z(i) = 12*i**2 + i + 3. What is z(-1)?
14
Let j(c) = c**3 - 8*c**2 - 4*c - 13. Calculate j(9).
32
Let w(o) = o**2 + 13*o + 20. Determine w(-12).
8
Let w(o) = -13*o + 4. What is w(-3)?
43
Let x(h) = -h**3 - 6*h**2 + 16*h - 9. Give x(-8).
-9
Let a(i) = -i**3 + 4*i**2 - 7*i + 9. Calculate a(3).
-3
Let i(n) = -4*n**2 + 2*n - 3. What is i(-3)?
-45
Let p(c) = -18*c + 3. What is p(4)?
-69
Let t(i) = 10*i + 15. Calculate t(-2).
-5
Let a(q) = -3*q + 5. What is a(-4)?
17
Let k(v) = v**2 - 12*v + 17. Give k(11).
6
Let y(u) = -74*u + 7. Determine y(-1).
81
Let x(a) = -a**3 - 26*a**2 + 7. What is x(-26)?
7
Let u(n) = -6*n**3 - 8*n**2 - 3*n - 1. Determine u(-2).
21
Let q(o) = -2*o**3 - 13*o**2 + 96*o - 26. Give q(-11).
7
Let x(p) = 32*p - 125. Determine x(4).
3
Let c(s) = s**2 + 3*s - 10. Give c(-5).
0
Let v(j) = -6*j - 110. Calculate v(-29).
64
Let g(h) = -h**2 + 3. Give g(5).
-22
Let k(q) = q + 17. Determine k(-24).
-7
Let q(m) = m**2 - 2*m - 3. What is q(0)?
-3
Let f(c) = 6*c - 4. Give f(3).
14
Let b(k) = -2*k - 16. Calculate b(-5).
-6
Let m(v) = -v**2 + 16*v - 21. What is m(13)?
18
Let b(r) = r**3 + 8*r**2 - 12*r - 3. Give b(-9).
24
Let w(v) = -2*v + 18. Calculate w(10).
-2
Let w(i) = -i - 18. What is w(17)?
-35
Let q(z) = z**3 - z**2 + 4*z + 2. Calculate q(-3).
-46
Let i(u) = -u**2 - 2*u - 13. Give i(-2).
-13
Let f(c) = -2*c - 2. Determine f(-4).
6
Let o(w) = 5*w. Give o(2).
10
Let b(o) = -o - 11. Give b(-10).
-1
Let p(y) = -y**2 - y - 31. What is p(0)?
-31
Let c(f) = 10*f + 173. What is c(-21)?
-37
Let l(s) = 8*s - 278. What is l(35)?
2
Let l(v) = v**3 - 4*v**2 - 10*v - 21. Determine l(6).
-9
Let i(j) = j**2 + 17*j - 69. Give i(-19).
-31
Let f(g) = -3*g**3 + g - 3. What is f(2)?
-25
Let v(h) = -14*h + 3. Give v(3).
-39
Let c(l) = -l**3 - 3*l**2 + 19*l + 17. Give c(-7).
80
Let f(j) = j**3 - 25*j**2 - 52*j - 55. What is f(27)?
-1
Let y(p) = p**3 + 17*p**2 - 34*p + 75. What is y(-19)?
-1
Let s(q) = 2*q + 3. Give s(-7).
-11
Let k(l) = 37*l + 222. Determine k(-6).
0
Let v(z) = z**3 - 4*z**2 + z - 3. Calculate v(5).
27
Let z(c) = 79*c + 314. What is z(-4)?
-2
Let l(y) = -16*y**2 - 31*y + 32. Determine l(1).
-15
Let c(i) = -3*i - 1. Give c(5).
-16
Let l(o) = -9*o - 40. Calculate l(-4).
-4
Let z(i) = -i**3 + 17*i**2 + 18*i + 3. Give z(18).
3
Let a(t) = -6*t - 3. Determine a(3).
-21
Let q(l) = -2*l**3 - 3*l**2 - 5*l - 21. Give q(-3).
21
Let k(o) = o**3 + 19*o**2 + 19*o + 23. Calculate k(-18).
5
Let n(s) = -11*s**3 + s - 6. What is n(2)?
-92
Let x(w) = -7*w**2 - 16*w + 1. Give x(-2).
5
Let u(w) = 5*w - 120. Give u(28).
20
Let j(y) = -y**2 + 36*y + 113. Determine j(-3).
-4
Let v(m) = m + 20. Give v(-14).
6
Let z(w) = -2*w**3 + w